 the tens digit of 310?
1
What is the thousands digit of 2006?
2
What is the tens digit of 2753?
5
What is the tens digit of 88?
8
What is the units digit of 1411?
1
What is the thousands digit of 9817?
9
What is the thousands digit of 36121?
6
What is the hundreds digit of 19134?
1
What is the units digit of 842?
2
What is the tens digit of 2454?
5
What is the tens digit of 9704?
0
What is the units digit of 73594?
4
What is the hundreds digit of 363?
3
What is the hundreds digit of 6880?
8
What is the tens digit of 3452?
5
What is the tens digit of 2801?
0
What is the thousands digit of 1112?
1
What is the ten thousands digit of 105110?
0
What is the ten thousands digit of 14592?
1
What is the tens digit of 572?
7
What is the hundreds digit of 3633?
6
What is the hundreds digit of 11775?
7
What is the hundreds digit of 386?
3
What is the thousands digit of 2430?
2
What is the thousands digit of 1023?
1
What is the hundreds digit of 1828?
8
What is the thousands digit of 3384?
3
What is the units digit of 6199?
9
What is the units digit of 31338?
8
What is the thousands digit of 17625?
7
What is the tens digit of 1241?
4
What is the tens digit of 842?
4
What is the units digit of 72869?
9
What is the tens digit of 23?
2
What is the hundreds digit of 9775?
7
What is the tens digit of 35756?
5
What is the tens digit of 7078?
7
What is the thousands digit of 4500?
4
What is the hundreds digit of 2772?
7
What is the tens digit of 17625?
2
What is the hundreds digit of 26232?
2
What is the tens digit of 6898?
9
What is the ten thousands digit of 84578?
8
What is the tens digit of 13689?
8
What is the hundreds digit of 5494?
4
What is the tens digit of 111?
1
What is the units digit of 2258?
8
What is the tens digit of 4242?
4
What is the thousands digit of 4191?
4
What is the hundreds digit of 7524?
5
What is the thousands digit of 10675?
0
What is the thousands digit of 2164?
2
What is the thousands digit of 1394?
1
What is the hundreds digit of 9740?
7
What is the units digit of 14760?
0
What is the thousands digit of 1985?
1
What is the units digit of 842?
2
What is the hundreds digit of 403?
4
What is the thousands digit of 46485?
6
What is the units digit of 346?
6
What is the tens digit of 3858?
5
What is the units digit of 1605?
5
What is the units digit of 5196?
6
What is the tens digit of 2996?
9
What is the hundreds digit of 845?
8
What is the hundreds digit of 840?
8
What is the tens digit of 1205?
0
What is the thousands digit of 1164?
1
What is the units digit of 373?
3
What is the thousands digit of 1919?
1
What is the units digit of 2649?
9
What is the hundreds digit of 1178?
1
What is the hundreds digit of 664?
6
What is the tens digit of 1399?
9
What is the units digit of 1349?
9
What is the ten thousands digit of 21232?
2
What is the tens digit of 1227?
2
What is the thousands digit of 70022?
0
What is the units digit of 64274?
4
What is the ten thousands digit of 13613?
1
What is the thousands digit of 26859?
6
What is the hundreds digit of 3206?
2
What is the thousands digit of 16248?
6
What is the hundreds digit of 19823?
8
What is the hundreds digit of 432?
4
What is the hundreds digit of 108616?
6
What is the hundreds digit of 7081?
0
What is the thousands digit of 118237?
8
What is the ten thousands digit of 10989?
1
What is the hundreds digit of 4479?
4
What is the units digit of 812?
2
What is the hundreds digit of 412?
4
What is the ten thousands digit of 35511?
3
What is the thousands digit of 38863?
8
What is the thousands digit of 67095?
7
What is the tens digit of 240?
4
What is the hundreds digit of 180?
1
What is the hundreds digit of 854?
8
What is the thousands digit of 1547?
1
What is the thousands digit of 6504?
6
What is the thousands digit of 44678?
4
What is the thousands digit of 3549?
3
What is the tens digit of 1708?
0
What is the hundreds digit of 60285?
2
What is the hundreds digit of 520?
5
What is the units digit of 5773?
3
What is the hundreds digit of 219?
2
What is the tens digit of 6520?
2
What is the tens digit of 43437?
3
What is the tens digit of 16387?
8
What is the units digit of 332?
2
What is the hundreds digit of 1272?
2
What is the units digit of 774?
4
What is the units digit of 4038?
8
What is the hundreds digit of 55598?
5
What is the thousands digit of 6831?
6
What is the tens digit of 470?
7
What is the units digit of 27774?
4
What is the tens digit of 861?
6
What is the hundreds digit of 72091?
0
What is the units digit of 34139?
9
What is the thousands digit of 3198?
3
What is the ten thousands digit of 54855?
5
What is the thousands digit of 4903?
4
What is the tens digit of 2378?
7
What is the thousands digit of 6376?
6
What is the hundreds digit of 8266?
2
What is the hundreds digit of 18930?
9
What is the units digit of 104?
4
What is the ten thousands digit of 29583?
2
What is the thousands digit of 9213?
9
What is the units digit of 1961?
1
What is the hundreds digit of 38992?
9
What is the tens digit of 1732?
3
What is the thousands digit of 1435?
1
What is the tens digit of 22974?
7
What is the units digit of 3782?
2
What is the units digit of 1222?
2
What is the hundreds digit of 465?
4
What is the tens digit of 680?
8
What is the tens digit of 480?
8
What is the hundreds digit of 4433?
4
What is the tens digit of 4722?
2
What is the hundreds digit of 5906?
9
What is the hundred thousands digit of 156174?
1
What is the tens digit of 742?
4
What is the thousands digit of 2002?
2
What is the hundreds digit of 8843?
8
What is the tens digit of 932?
3
What is the units digit of 50901?
1
What is the thousands digit of 1066?
1
What is the hundreds digit of 231?
2
What is the units digit of 924?
4
What is the units digit of 3832?
2
What is the hundreds digit of 3969?
9
What is the units digit of 23?
3
What is the hundreds digit of 6220?
2
What is the thousands digit of 165005?
5
What is the units digit of 6490?
0
What is the units digit of 12633?
3
What is the units digit of 2459?
9
What is the tens digit of 13140?
4
What is the hundreds digit of 34591?
5
What is the tens digit of 147?
4
What is the units digit of 67799?
9
What is the ten thousands digit of 18788?
1
What is the thousands digit of 4126?
4
What is the hundreds digit of 690?
6
What is the thousands digit of 3576?
3
What is the ten thousands digit of 21287?
2
What is the ten thousands digit of 12707?
1
What is the units digit of 7137?
7
What is the units digit of 24292?
2
What is the tens digit of 114752?
5
What is the hundreds digit of 4720?
7
What is the hundreds digit of 65107?
1
What is the hundreds digit of 7638?
6
What is the tens digit of 9416?
1
What is the thousands digit of 32687?
2
What is the units digit of 78736?
6
What is the tens digit of 782?
8
What is the thousands digit of 14214?
4
What is the hundreds digit of 8465?
4
What is the hundreds digit of 1134?
1
What is the tens digit of 3981?
8
What is the hundreds digit of 461?
4
What is the tens digit of 6179?
7
What is the hundreds digit of 17603?
6
What is the units digit of 1369?
9
What is the tens digit of 48492?
9
What is the units digit of 996?
6
What is the tens digit of 904?
0
What is the tens digit of 2470?
7
What is the units digit of 714?
4
What is the hundreds digit of 4440?
4
What is the ten thousands digit of 84768?
8
What is the hundreds digit of 52045?
0
What is the hundreds digit of 1995?
9
What is the tens digit of 2082?
8
What is the tens digit of 54354?
5
What is the units digit of 46?
6
What is the units digit of 33493?
3
What is the units digit of 2188?
8
What is the units digit of 103?
3
What is the hundreds digit of 8606?
6
What is the units digit of 11942?
2
What is the hundreds digit of 557?
5
What is the thousands digit of 140752?
0
What is the tens digit of 111?
1
What is the tens digit of 174665?
6
What is the hundreds digit of 1494?
4
What is the units digit of 527?
7
What is the tens digit of 39506?
0
What is the hundreds digit of 2052?
0
What is the ten thousands digit of 25194?
2
What is the tens digit of 3926?
2
What is the hundreds digit of 1631?
6
What is the units digit of 88717?
7
What is the ten thousands digit of 27101?
2
What is the units digit of 3129?
9
What is the thousands digit of 1785?
1
What is the h